 Let m = -122 - f. Calculate the remainder when m is divided by 31.
25
Let y be (-7)/14 + 113/2. Suppose -11*q = -7*q - y. Calculate the remainder when 21 is divided by q.
7
Let d = -51 + 87. Suppose -23 + 6 = -h. Let n = h + -4. What is the remainder when d is divided by n?
10
Suppose 114 = 5*s - 31. Calculate the remainder when 48 is divided by s.
19
Let a(b) = b**2 + 7*b + 2. Let v be a(-7). Suppose v*l = -l + 33. What is the remainder when l is divided by 3?
2
Let x(c) = 2*c**2 - 33*c + 70. Calculate the remainder when (-7)/(21/(-6)) + 92 is divided by x(2).
10
Let d(n) = -20 + 28 - 18 + n**2. What is the remainder when d(-6) is divided by 15?
11
Suppose -4 - 4 = 2*c. Let p = c + 15. Calculate the remainder when ((-1)/((-6)/57))/(1/2) is divided by p.
8
Let n(l) = -4*l - 33. Let j be n(-9). Calculate the remainder when 59 is divided by (-126)/12*2/j*-3.
17
Suppose b + 3*b - 5952 = 0. Let g be 2/3 - b/(-36). Let v = 3 + g. Calculate the remainder when v is divided by 23.
22
Calculate the remainder when -7*12*8/18*-3 is divided by 23.
20
Let d be 2490/8 + 1/(-4). Let j = -715 - -503. Let o = d + j. Calculate the remainder when o is divided by 25.
24
Let j(g) = g**2 + 8*g + 9. Let o be j(-7). Suppose -4*k + 116 = o*i, -4*k + 69 = -3*i - 37. Let y = 77 - 22. Calculate the remainder when y is divided by k.
27
Let g = 57 + -50. Suppose 0 = 13*a - 52. What is the remainder when g is divided by a?
3
Suppose 116 = 3*d + 7*r - 2*r, -d = -5*r - 32. Let a be ((-49)/(-14))/((-2)/(-72)). Suppose 0 = 9*y - a + 9. Calculate the remainder when d is divided by y.
11
Calculate the remainder when 18 is divided by -7*6/189 - (-184)/18.
8
Suppose 21 = 3*y - 0. Suppose -796 = -y*o + 3*o - h, 3*o - 5*h - 620 = 0. Suppose 0 = w + 3*w - o. Calculate the remainder when w is divided by 13.
11
Let g(z) = z**2 - z - 11. Let p be -2 + (-27)/(-4) + 1/4. Calculate the remainder when 16 is divided by g(p).
7
Suppose -2*p + 165 = -7*p. Let g be 62/(-5) + p/55. Calculate the remainder when 75 is divided by (4 - 2 - g) + 4.
18
Let y(p) = p**3 + 3*p**2 - 17*p - 2. Calculate the remainder when y(4) is divided by 23.
19
Let f(x) = -2*x**3 + 22*x**2 - 18*x + 21. Calculate the remainder when 230 is divided by f(10).
25
Let r(c) = -c**2 - 16*c + 21. Suppose 2*j - 3*t = -22, 2*t + 37 = -j - 3*t. Calculate the remainder when 17 is divided by r(j).
1
Suppose 2 = -h + 3*m + 23, -3*m - 57 = -2*h. What is the remainder when 359 is divided by h?
35
Let y = 1696 - 1089. Calculate the remainder when y is divided by 68.
63
Let a(c) = -c**2 + 3*c + 14. Let z be a(7). Calculate the remainder when 46 is divided by z/56*(1 + 69*-1).
12
Suppose 47*k - 14*k - 1221 = 0. Calculate the remainder when 69 is divided by k.
32
Suppose -3*x + 17*j = 16*j - 286, -x + 4*j = -99. Calculate the remainder when x is divided by 12.
11
Let x = 14 + 3. Let o = 80 + -75. Calculate the remainder when x is divided by o.
2
Let j(f) = 4*f - 157. Calculate the remainder when j(41) is divided by 6.
1
Let q(d) = 13*d**2 - 5055 + 7*d**2 - 5*d + 5048. What is the remainder when q(-2) is divided by 12?
11
Let g(b) = b**2 - 9*b - 84. Calculate the remainder when 95 is divided by g(17).
43
Let k(d) = 10*d + 6. Let w be k(8). Let x = w + 44. Calculate the remainder when x is divided by 38 - ((-318)/(-66) - 4/(-22)).
31
Suppose 5*k + 4 = 4*w, -w + 2*k - 4 = -2. Suppose 0 = 8*x - 9*x + 21. Calculate the remainder when x is divided by w.
3
Let u = 29 - 26. Suppose -116 = -5*s - u*i, 4*i + 88 - 30 = 3*s. Calculate the remainder when 43 is divided by s.
21
Suppose -31*x + 15 = -28*x. Suppose -8*t + 159 = -x*t. Suppose 4*b - t - 95 = 0. Calculate the remainder when 108 is divided by b.
34
Suppose -23*l + 62 = -19*l - o, 2*l - 46 = -2*o. Suppose -d + 0*d + 2*f = -15, 4*f = 4*d - 40. Calculate the remainder when l is divided by d.
2
Suppose 0 = -32*g + 31*g + 11. What is the remainder when g is divided by 5?
1
Suppose 0 = -12*y + 692 + 184. Calculate the remainder when 308 is divided by y.
16
Suppose -13*x + 2*x + 209 = 0. Calculate the remainder when 113 is divided by x.
18
Calculate the remainder when (-42)/(-2) - (0 + 1) is divided by 2/3*(-315)/490 + 192/56.
2
Let f = -1136 + 1913. Calculate the remainder when f is divided by 41.
39
Let r(y) = -y + 79. What is the remainder when r(18) is divided by 16?
13
Let g = -64 - -252. What is the remainder when g is divided by ((-2299)/22)/11*-4?
36
Suppose -2*s = k + 6, -5*s + 2*s + 45 = -3*k. Let x(r) = -r**3 - 11*r**2 + 10*r - 15. What is the remainder when 51 is divided by x(k)?
6
Let o = -14 + 26. Suppose 10*n - 6*n = -o. What is the remainder when 4 is divided by (-12)/(-36) - 8/n?
1
Suppose 0 = 2*q - q + 4*r - 5, 8 = -4*q - 2*r. Let f be 9 - (3/q - -3). Suppose 4*a + f = 5*a. Calculate the remainder when 20 is divided by a.
6
What is the remainder when 107 is divided by (4/6)/(-11 + 1393/126)?
11
Let a(h) = h**2 + 8*h + 41. What is the remainder when 52 is divided by a(-6)?
23
Let b = -117 + 141. Suppose 0 = -6*s + b + 120. What is the remainder when 141 is divided by s?
21
Let a = 211 - 148. Let w = a + -43. Let c = 84 + -45. What is the remainder when c is divided by w?
19
Suppose n - 4*i + 0 = 7, -4*i = 4. Let d(o) = -o**2 - 6*o - 4. Let x be d(-5). Let p = x + 2. What is the remainder when n is divided by p?
0
Suppose -15*l + 1180 = 70. Calculate the remainder when l is divided by 36.
2
What is the remainder when 32 is divided by (6 - 14) + 4 + 15?
10
Suppose 110 + 30 = 4*j. Let r = 31 - 113. Let y = 101 + r. Calculate the remainder when j is divided by y.
16
Let f(s) = 4*s**3 + 16*s**2 + 6*s + 18. Let c be 0*(6/(-4))/3. Let d(j) = j**2 + 19. What is the remainder when f(-3) is divided by d(c)?
17
Suppose 4*i - 86 = -2*b + 68, 0 = -3*b - i + 226. Calculate the remainder when 27 is divided by 12/(-5)*b/(-30).
3
Let b = -50 - 0. Let v = b - -129. Calculate the remainder when v is divided by 40.
39
Calculate the remainder when 410/15 + 4/6 is divided by 8.
4
Let f(u) = -u**2 - 6. Let y be f(-4). Let k = y + 26. What is the remainder when ((-84)/(-35))/(k/30) is divided by 10?
8
Suppose -z = 2*s - 7, -2*z - 17 = -5*z - 2*s. Suppose 8 = 4*k - 36. Calculate the remainder when k is divided by z.
1
Let k be 1/(0 + -2) - (-1)/2. Let w(y) = y + 31. Calculate the remainder when w(k) is divided by 5.
1
Suppose 19*v - 21*v - 37 = -5*q, -5 = 5*v. What is the remainder when 6/18 - (-101)/3 is divided by q?
6
Suppose -v - 205 = -6*v. Suppose 0 = -9*a - 30*a + 234. Calculate the remainder when v is divided by a.
5
Suppose -8*k + 136 = -4*k. Let t(h) = -h**2 + 8*h + 2. Let y be t(8). What is the remainder when k is divided by 147/12 - y/8?
10
Suppose 15*v - 13*v + 3*a - 168 = 0, 3*v - 5*a - 290 = 0. What is the remainder when 250 is divided by v?
70
Suppose -5*i + 29 = 5*c - 186, 202 = 4*c - 2*i. Calculate the remainder when 238 is divided by c.
46
Let s(w) = -w**3 + 8*w**2 + 2. Let g be s(8). Let k = -75 - -127. Suppose -1 - 1 = -a, -k = -g*o - 4*a. What is the remainder when 85 is divided by o?
19
Let m(g) = g + 38. Suppose t = -t - 8, 0 = p - 5*t - 28. What is the remainder when m(p) is divided by 10?
6
Suppose 0 + 8 = 2*r. Suppose 3*b - r*b = -2. Calculate the remainder when 6 is divided by b.
0
Let y = 425 - 337. What is the remainder when 165 is divided by y?
77
Let r = -7 - -13. Suppose -g = 3*j - 83, -4*j + 4*g + 128 = 28. Calculate the remainder when j is divided by r.
3
Let p = 876 - 614. Calculate the remainder when p is divided by 54.
46
Let o(a) = 3*a**2 - 6*a + 7. What is the remainder when o(-3) is divided by 12?
4
Suppose 3*x = -4*x + 511. Let n(m) = -m**3 - 8*m**2 + 9*m + 15. Calculate the remainder when x is divided by n(-9).
13
Suppose 0 = -5*t + 4*t - 3*l + 29, 4*l - 58 = -2*t. What is the remainder when 229 is divided by t?
26
Suppose -8*j = -172 - 20. What is the remainder when j is divided by 5?
4
Suppose 3 = 3*o + 12, 5*o = 2*d - 39. Let i be 3/(12/458)*(2 - 0). Suppose -i + 19 = -10*c. Calculate the remainder when c is divided by d.
9
Let p(m) = m**3 + m**2 - 7*m + 20. Calculate the remainder when p(4) is divided by 3.
0
Let g(i) = -3*i**3 + 12*i**2 + 22*i + 2. Calculate the remainder when g(-2) is divided by 14.
2
Let p(t) = 65*t - 546. What is the remainder when p(14